7 - -3)) - (-6 - -2)?
-6
What is the value of -6 + 12 + (2 - 7 - (0 - -5))?
-4
0 - (8 + -2 - 10 - -1)
3
What is 2 + 14 + (-7 - 21) + 17?
5
What is 6 - ((3 - 0) + 5 + -4)?
2
What is -10 - (11 + -1 + 0 - (12 - 14))?
-22
0 + 5 + (-133 - -126)
-2
Evaluate -20 - -15 - 30 - (12 + -18).
-29
2 + 25 + (-5 - 7) - 1
14
-28 - (11 + -5 + (-16 + -2 - -5))
-21
Evaluate -1 - (-39 + 15 - -36).
-13
What is 17 + -19 + 18 + -20?
-4
Evaluate 5 + -2 - 7 - -11 - (3 - -18).
-14
What is the value of (21 - (15 + -7)) + -16 - -18?
15
4 + 9 - (39 + -30)
4
Evaluate 1 - 1 - (-60 - (24 - 92)).
-8
-267 + 258 - (-2 + 2 + -3)
-6
What is (14 + -10 + 5 - 0) + -9?
0
What is the value of -5 + 0 + (5 - 3) - -18?
15
Evaluate 15 - (25 - -5) - -15.
0
What is 0 + 27 + -1 + (-188 - -181)?
19
What is (-10 - -24 - (11 - -11)) + 1 + 28?
21
What is 20 + 5 + -113 + 81?
-7
What is the value of (-19 + 6 + 9 - -1) + -1 + -4?
-8
What is -1 + (7 + -28 - -27)?
5
Calculate (5 - (-5 - -2 - -6)) + 3 + -2.
3
What is 1 + (9 - 2 - (-1 + 6))?
3
What is 27 - 17 - (-15 + 4)?
21
Evaluate -24 + (-5 + 0 - -12 - (22 - 23)).
-16
-8 + -10 + -17 + 11
-24
What is the value of 2 + (-9 - (4 + -3 + 7 - 11))?
-4
Evaluate (13 + -21 - -9) + (-14 - (-2 + 1)).
-12
-1 - -1 - ((1 + -8 - -30) + 13)
-36
What is 123 - 141 - (2 - 6 - (-4 + 6))?
-12
25 - (-11 + 6 - (-15 - -3) - 1)
19
What is -17 + -5 + -2 - (96 + -103)?
-17
-5 + (57 - (0 - -36))
16
What is the value of -10 - (13 + 4 + -13)?
-14
20 + -2 + 2 - 22
-2
What is the value of -5 - (-13 + 19) - -8?
-3
What is -21 + (6 - -26) + (-1 - -2 - -1)?
13
What is 2 + (4 - (16 + -16) - (-3 - -16))?
-7
What is the value of -3 + -8 + 2 - -19?
10
What is the value of 39 - 32 - (-1 - 2)?
10
What is the value of (3 - (51 - 31)) + 27?
10
Evaluate -2 + (12 - 18) + (20 - (-5 + -3)).
20
35 - (-5 + (31 - -5))
4
What is the value of 6 + -4 - (23 - 5) - -5?
-11
Calculate -15 + (-26 - (-53 + 40)).
-28
1 - (-3 + (8 - 10)) - -18
24
What is the value of (3 - -2) + 1 - (5 - 2)?
3
Calculate 10 - ((-300 - -292) + (38 - -1)).
-21
What is 24 + -13 - 6 - -5?
10
Evaluate 4 - (0 + 0) - (32 + (-29 - 4)).
5
Evaluate (-5 - (-14 + 8 + 18)) + 4.
-13
Evaluate 0 - -42 - (60 + -44).
26
What is the value of -15 - (14 + -7 - 5)?
-17
Evaluate 25 - 15 - (2 - 5 - 3).
16
Calculate -10 + (-7 - (16 - (-17 - -19))).
-31
What is (50 - 65) + (-1 - -23)?
7
What is the value of -7 - (-27 + 10) - 1 - 6?
3
What is -8 - (16 + -15) - (7 - -5)?
-21
3 - (24 + -23) - (2 + -1)
1
Evaluate -1 + -6 - (-71 - -63 - (9 + 1)).
11
Calculate (-14 - -27) + 0 + -14.
-1
Evaluate 21 - (8 + (-12 - -14)).
11
Calculate -7 + 3 - (-17 - -23).
-10
What is the value of (2 - 0) + -20 - (-5197 + 5151)?
28
What is (-1 - (3 + -13)) + (2 - -12)?
23
What is the value of 2 + 13 + 18 + -3 + -4?
26
What is the value of 1 + -1 + -4 + 0 + -1 + -5?
-10
Evaluate -58 + 23 + -1 + (0 - -5).
-31
(25 - 21) + -2 + -5
-3
Calculate 16 + -41 + 21 - (-6 + 1 - 3).
4
-10 - ((-11 - 7) + -5 + 19)
-6
What is 0 - 4 - (-1 - (-11 - -4))?
-10
Calculate -4 + -1 - (18 + (8 - 15) - 8).
-8
-42 - (-7 - 25 - 7)
-3
-14 + (5 - (19 - 6))
-22
Evaluate (2 - 7) + 5 + -34 + 24 + 9.
-1
(2 - 0) + (2 - -1) - (-2 - 7)
14
((-17 - 14) + 15 - -14) + -16
-18
Calculate -27 - (-18 + (35 - 26)).
-18
What is (43 + -8 - 14 - 22) + -18 + 0?
-19
Calculate 0 + -2 + 0 + -4 + 1.
-5
Calculate -103 + 157 + -76 - ((1 - 11) + 1).
-13
What is (4 - 32) + 4 + (14 - 9) + 2?
-17
What is 9 - (-4 - (2 - 3 - 1))?
11
What is ((-4 - -3) + -1 - 6 - -17) + -2?
7
Evaluate (2 - 5) + 3 - (-1 + 4 - 0).
-3
Calculate (20 + -39 - -31) + -27 + 5.
-10
Calculate (-74 - -26 - -15) + 23.
-10
-7 + (7 - 11 - (4 + 0 - -6))
-21
What is the value of 12 - (-2 + 0 - -2)?
12
Calculate (7 - 14) + -4 + (-11 - -6).
-16
What is 6 + (0 + -5 - -12)?
13
-15 + -10 + 23 + 15
13
-15 + -4 - (-66 - -29)
18
What is 11 + (7 - (-3 + (14 - 8)))?
15
What is 11 - (-3 - -2 - 9 - -7)?
14
1 + (4 + -4 - -12)
13
What is -11 - (1 - 0) - (-985 + 984)?
-11
Calculate (-44 - -53) + (1 - 13) + -9.
-12
-41 - -35 - (0 - 10)
4
Evaluate (-46 - -50) + (-13 - -2) + 16.
9
What is the value of -7 + (-9 - -52 - (-15 + 33))?
18
Calculate (-32 - -39) + (17 + 3 - 3).
24
8 - (9 - (-13 + 28))
14
Evaluate 56 + -24 + -28 - (-1 + (-4 - 0)).
9
What is 6 + 7 + -21 + (13 + -2 - 7)?
-4
Calculate (-1 - 5) + -4 - (-2 + 11 + -2).
-17
What is the value of 390 - 385 - (-2 - (3 - 1))?
9
What is -7 - -7 - -21 - 6?
15
What is the value of 28 - (-15 - -41 - -9)?
-7
What is the value of 2 + 1 + -11 - (14 + -21 + -12)?
11
What is the value of (30 - 43) + -1 + 23?
9
Evaluate -4 + -5 + 22 + -4.
9
What is the value of 3 - -1 - (-16 + (-5 - -26))?
-1
Evaluate -15 - (-34 + 3 + 40).
-24
Calculate (9 - (0 + (2 - 0))) + -75 + 67.
-1
What is -8 + 14 + (-11 - -6) - (-1 - -2)?
0
Calculate 2 + 2 + (8 - 3).
9
18 + -13 - -5 - 23
-13
What is (3 + -7 - -1) + -4 + -4?
-11
Evaluate 23 - (48 + (2 - 33)).
6
Evaluate -5 + 7 + -9 + (9 - -4).
6
Calculate 2 + (-16 - 2 - -17).
1
-15 - (6 - (7 + -10 + 10 + 6))
-8
Evaluate 21 + (-10 - -9) - 2.
18
Calculate 30 + -8 + (16 - 43).
-5
Evaluate -4 + 1 + 3 + (-2 - 5).
-7
-3 + 42 - 63 - -13
-11
What is -20 - (-7 + (17 - 27)) - 3?
-6
Calculate (-1 - 9) + 34 + -17 + -11.
-4
What is (2 - 4) + 96 + -79?
15
Evaluate 1 - -6 - (12 + -6 + -6) - -3.
10
Calculate -8 + (-5 + 7 - -18 - 10).
2
What is the value of 0 + 11 - (-16 + 33 - 12)?
6
What is the value of 4 - 12 - (27 - 25)?
-10
What is -8 + 0 + 7 + 10 - 6?
3
3 + (-7 - (-3 + (-11 - (0 - 6))))
4
What is the value of -1 + (-7 - -1) + (-8 - -13)?
-2
What is the value of -9 + (-5 - -9) - 1 - -2?
-4
2 - (2 + 2 + -7) - (6 - -1)
-2
(17 - (43 - 6)) + (8 - 1)
-13
Calculate -1 + 14 + (99 - 117).
-5
-6 + (7 - 4) + -4 + (9 - 8)
-6
Evaluate 29 + 14 + 17 + -31.
29
What is the value of 5 + 8 + (-4 - 3) + (-4 - -1)?
3
What is the value of -9 - (-7 + -13) - (-66 + 60)?
17
What is -17 - (-10 + (11 - 7))?
-11
Calculate -7 + -5 + 22 + -13.
-3
5 + (-9 - -15) + -16
-5
What is (-6 + -9 - -10) + (1 - (5 - -2))?
-11
Evaluate 29 + (-58 - (-1 + 2)).
-30
What is 0 + (-6 + 6 - -2) + (0 - 5)?
-3
Calculate (-6 - 2 - -20) + 7.
19
(-28 - -50 - -5) + -9
18
Evaluate 42 + -9 - (-13 - -20).
26
Evaluate 21 + -17 + (-19 - 9).
-24
20 - (5 + -2 + -13 - -22)
8
Evaluate 9 + 1 - 19 - -3 - (0 - 7).
1
-31 + -44 + 117 + -29
13
(4 - (-19 + 10)) + 5
18
What is -1 - (18 + -13) - -3?
-3
Evaluate 10 + (4 - (4 + -5) - 14).
1
What is the value of (-3 - (9 + -19)) + 0 + 2 + 2?
11
Calculate -7 + -5 - (3 - 10) - (-7 + 9).
-7
Calculate (-1 - (1 - -13)) + 10 + -13.
-18
Evaluate (-1 - 5 - (-2 + (14 - 5))) + -5.
-18
Calculate -12 - -8 - 4 - -14 - -2 - 8.
0
What is the value of 5 - 1 - (-1 + -2 + 5 + -3)?
5
(12 - 21) + 9 + -7
-7
What is 2 + -7 + -535 + 565?
25
(-1 - 0 - (17 + -12)) + -6 + 0
-12
What is 55 + -45 + (-5 - (0 - -13)) + -8?
-16
(-10 - 4) + -8 - -9
-13
Evaluate -16 + 18 + -13 + 11.
0
Calculate -39 - -6 - (-31 - -18).
-20
What is the value of 11 - -1 - (35 + -31)?
8
Calculate (31 - -1 - 29) + -15.
-12
Calculate 59 - 67 - (-29 - 4 - -6).
19
What is the value of -2 + -8 + (-10 - -22)?
2
What is the value of -1 + 28 - (-80 + 83) - (-9 - -7)?
26
Evaluate 8 - (-26 - -31) - 0.
3
What is -6 + (-30 - (13 - 27))?
-22
Calculate 0 + 4 - ((11 - 6) + -7 - 2).
8
Evaluate 14 - 18 - 14 - (-2 + -6).
-10
Evaluate (-35 + 36 - (5 - -38)) + 13.
-29
Calculate 4 + (-6 - (-20 + 3 + 3)) - 0.
12
Calculate -10 + (-17 - -34 - 4) + 0.
3
-6 + (13 - 19) + (2 - (6 - -2))
-18
What is (-2 - 4 - (-7 + 8)) + 12?
5
What is the value of 12 - (9 + -9) - 9 - (-8 + 2)?
9
Calculate -3 + -2 + (4 - 15).
-16
Calculate 18 + 9 + -43 - -8.
-8
Evaluate 23 + -15 + 15 + -8.
15
What is -13 + (-3 - -14) - (-2 + 1)?
-1
Calculate -15 - (20 + -27 - 22).
14
What is the value of -7 - (-2 + 4 + -9 + 7 + 0)?
-7
What is -9 - (-29 - 2 - (22 - 30))?
14
17 + (-19 - -23) - 39
-18
What is (5 - 15) + (-30 - -34)?
-6
What is -3 + 18 + -13 + -24?
-22
(-2 - (-17 + 14)) + 5
6
(-29 - -18 - (-31 - -2)) + -1
17
Evaluate -15 - (-21 + 8 - -20).
-22
Evaluate 10 + 2 + 1 + 117 + -124.
6
What is -1 - (-7 + 7 - ((2 - 12) + 3))?
-8
Evaluate -13 - -6 - (-2 + 6).
-11
-7 + -4 + 5 - 2
-8
What is the value of 1 - (8 - 2) - (14 + -13 - 6)?
0
Evaluate (5 + (4 - 9) - (-9 - -3)) + 9.
15
6 - -2 - (11 - (-8 - -5 - -20))
14
Evaluate 30 + -48 + 11 + -6.
-13
What is the value of 52 + -51 - 